
False
Let u(q) = -q**3 + 8*q**2 - q + 7. Let n be u(8). Let z be (4/10)/(n/(-25)). Suppose -b - z = -6*b, -2*l + b = -44. Is l composite?
False
Suppose -4*l - 6*r + 26 = -r, 5*l - 4*r - 12 = 0. Let v be (-2)/l*1*-8. Suppose 0*t + 188 = v*t. Is t composite?
False
Let b = -37 + 24. Let r = 24 + b. Is r composite?
False
Suppose 2*o = -5*a - 98 - 0, -3*a - 62 = -2*o. Let i = a - -34. Is i a composite number?
True
Let u = 46 + -15. Is u composite?
False
Let k be (-3)/2 + (-68)/(-8). Suppose -f = 2*s + 224, -4*s + 1 + k = 0. Is (f + 2)*(-1)/2 a composite number?
False
Let f be ((-2)/(-4))/((-2)/4). Let a be 4 - 5 - (f + -5). Suppose 8 = a*z - 17, -35 = -m - 5*z. Is m prime?
False
Suppose -2*p + 114 = -22. Let s = -45 + p. Is s composite?
False
Suppose -w + 96 = -2*l + 4*l, -5*l - w + 243 = 0. Is l a prime number?
False
Let k(l) = 9*l**3 + 4*l**2 + 3*l + 9. Let r(j) = -8*j**3 - 4*j**2 - 4*j - 9. Let a(t) = 4*k(t) + 5*r(t). Is a(-4) a composite number?
True
Let o(m) = 17*m**3 - 4*m**2 + 3*m - 1. Let x(g) = 35*g**3 - 8*g**2 + 7*g - 3. Let f(v) = -2*v - 11. Let a be f(-8). Let q(s) = a*o(s) - 2*x(s). Is q(3) prime?
True
Let h be -2*((-6)/4 + 0). Suppose -105 = n - 6*n. Suppose -h*z + 2*z + n = 0. Is z a prime number?
False
Let g(j) be the first derivative of -j**3/3 - 15*j**2/2 + 3*j + 1. Is g(-9) composite?
True
Let w be ((-68)/10)/((-2)/30). Let o be (16/12)/(2/w). Suppose -217 = -3*y + o. Is y prime?
False
Let c(o) = -20*o - 7. Suppose p + 4 - 1 = 0. Is c(p) prime?
True
Let s = 346 + -201. Is s a composite number?
True
Let w(r) = -r - 1. Let t(c) = 4*c + 4. Let v(x) = -2*t(x) - 9*w(x). Let l be v(-5). Is ((-34)/l)/(2/12) a prime number?
False
Let p(d) = -d + 1. Let t(r) = -13*r + 2. Let j(b) = -3*p(b) + t(b). Is j(-2) prime?
True
Suppose w + 0*q = -q + 680, -5*w = 2*q - 3394. Let s = -1246 + w. Is 4/12 + s/(-6) composite?
True
Let x(z) = 7*z**2 + 15*z - 11. Is x(-12) a composite number?
True
Let y(a) = 3*a - 3. Let s(o) = -8*o + 9. Let m(j) = 4*s(j) + 11*y(j). Let x be m(0). Suppose 0 = 2*t - 3*p - 9, t = -0*p + x*p. Is t composite?
True
Suppose 36 + 38 = k. Let p = k - 31. Is p a composite number?
False
Let h(m) be the third derivative of m**5/30 - 7*m**4/24 + m**3 - 2*m**2. Is h(5) a prime number?
False
Suppose 0*l = -2*l. Suppose 3*v + 4*m + 29 = l, 5*v + 0 = 5*m + 10. Is -1 + (-6)/v - -13 a composite number?
True
Let r be 45/(-6) + (-2)/(-4). Suppose -2*p - o - 9 = -50, -2*o = -2. Let f = r + p. Is f a composite number?
False
Let l(h) = 35*h - 5. Let y be l(3). Suppose 392 = 2*z + y. Is z prime?
False
Suppose 0 = -4*u + 2*v + 6, 0 = 5*v - 4*v - 1. Suppose -135 = -3*h - 4*z, 0*h - 5*h = z - 225. Suppose u*y - h = -y. Is y a composite number?
True
Suppose 4*z + 40 = -z. Let a be (3/6)/((-2)/z). Suppose -5*v = -3*v + 4*u - 36, -5*u = a*v - 40. Is v a composite number?
True
Suppose -4*p = 5*q - 9*p - 4740, 4*q = p + 3807. Is q a composite number?
False
Let z be (-5)/(-2)*(-5 + 33). Suppose 28 = f - z. Is f + 1 - (-3 - -5) a composite number?
False
Suppose 955 = -2*z + 7*z. Is z a prime number?
True
Suppose -20 + 1 = -3*y + 4*a, -3*a = -5*y + 28. Is 418/((4 - y) + 3) a composite number?
True
Suppose n - 62 = -4*w + 21, -5*n = -w - 331. Is n a prime number?
True
Let i be -1*13*(0 + 2). Let n = -67 - -112. Let o = n + i. Is o a composite number?
False
Suppose -4*z + 284 = b, 4*b - 4*z - 520 = 2*b. Suppose 26 = 2*m - b. Suppose 6*j + f - m = 2*j, -3*f = -j + 40. Is j a composite number?
False
Suppose g = -4*g + 365. Suppose 4*w + 717 = 4*y + g, 5*y - w - 789 = 0. Is y prime?
True
Let l(x) = 52*x - 1. Let y(t) = 3*t. Let f be y(1). Is l(f) a composite number?
True
Let t = -477 - -946. Is t a prime number?
False
Suppose h + 12 = -4*j + 2, -h - 5*j = 12. Let p be (h/4 - 0)*-506. Suppose 0 = 5*t - p + 68. Is t a composite number?
False
Suppose -5*v + 363 = -302. Is v composite?
True
Let v(f) = 18*f**2 - 3*f - 2. Let q(r) = 19*r**2 - 3*r - 1. Let w(p) = -3*q(p) + 4*v(p). Is w(-4) a prime number?
False
Suppose -11*v = -0*v - 44495. Is v a composite number?
True
Suppose -5*i = -7 + 27, 0 = 4*j + 3*i + 4. Suppose j*w - 306 = -4*c - 3*w, c + 5*w - 69 = 0. Is c composite?
False
Let a(w) = 4*w**2 + 27*w + 13. Is a(20) prime?
True
Let x(d) = 2*d**3 - 3*d**2 - 7*d + 3. Is x(10) prime?
False
Let o be (-1)/5 - (-11)/5. Suppose 2*n = -o*n + 212. Is n a prime number?
True
Let i = -599 - -972. Is i prime?
True
Suppose 0 = -3*f + 12, -5*r + 3*f = 2*f - 651. Is r prime?
True
Suppose -u + 131 = 5*n - n, n + 5*u - 9 = 0. Is n a prime number?
False
Let n(r) = 72*r + 4. Let v be n(2). Suppose -3*d - 37 = -v. Is d a composite number?
False
Let j = -189 - -449. Suppose j = 4*o + 40. Is o composite?
True
Let s = -200 + 363. Is s a prime number?
True
Suppose 1 = 3*k - 4*k. Let h be (-8)/(-3)*(-6)/k. Let f = h - 9. Is f a composite number?
False
Suppose 2*g - 5*t = -g + 2273, -1494 = -2*g - 2*t. Is g composite?
False
Suppose 0*s = -3*s - 45. Let q be -22*(-3)/s*-5. Is q + -2 + 3 + -2 a prime number?
False
Let z(x) = x - 4. Let y be z(6). Suppose 5*h - 66 = y*h. Is h prime?
False
Let i = -760 - -1077. Is i prime?
True
Let h(t) = 14*t**2 + 5*t + 7. Is h(6) a prime number?
True
Let h be (-1)/(-1) + 18*3. Let k = 77 - h. Is k composite?
True
Suppose -2*p = 3*p - 1195. Suppose p = j - 0*j. Is j composite?
False
Let u = -3 + -1. Let k(x) = -2*x**2 + 8*x + 3. Let v be k(6). Is (v/u)/((-2)/(-8)) a prime number?
False
Let x = 12 + -18. Let p be ((-2)/x)/((-1)/(-6)). Suppose i + 5*o = 27, i + i = p*o + 6. Is i a composite number?
False
Is ((-9680)/12)/(-4) - (-2)/(-3) a composite number?
True
Let z(y) = -y**2 + y + 409. Is z(0) prime?
True
Let t(o) = -o**3 - 10*o**2 - 8*o - 8. Is t(-11) composite?
True
Let n(y) = -y**2 - 5*y - 2. Let a be n(-3). Let s be (-3 - (-39)/15)/(3/45). Let b = a - s. Is b composite?
True
Let z be (-2)/(2/153) - -2. Let l(o) = -9*o**2 - 1. Let h be l(-3). Let c = h - z. Is c a prime number?
False
Suppose 3*d - 717 = -4*q, 3*q - 717 = -3*d + 8*q. Is d a prime number?
True
Let g = -149 + 364. Let i be (-26)/(-6) + 4/6. Suppose 0 = -2*u - i*c + 94 + 4, -5*u + g = 5*c. Is u composite?
True
Suppose 3*c - 1798 = -175. Is c prime?
True
Let u(t) = 763*t - 25. Is u(4) composite?
True
Suppose 4*g - 6*g = -2. Suppose -v - 16 = -3*c, 8*c = v + 4*c + 20. Is (77/v)/(g/(-4)) composite?
True
Let s = -16 - -22. Suppose -s*g + 2*g = -212. Is g a prime number?
True
Is (-233)/(-3) - (-10)/(-15) a composite number?
True
Suppose -4 = -q, -k + 5*q + 0*q + 47 = 0. Is k a prime number?
True
Suppose -23 + 3 = -4*o. Suppose -d - 2*r = -163, 474 = -2*d + o*d + r. Is d composite?
False
Suppose -c + 48 + 57 = 0. Suppose -v - 4*w = -45, v - 3*w - c = -2*v. Is v prime?
True
Suppose -5*a - 185 = -5*v, 4*v - 132 = -5*a + 25. Suppose o + 15 = -4*o. Is 4*o/(-24)*v a prime number?
True
Let d = 1637 + -490. Is d composite?
True
Let u(q) = q**2 + q + 167. Let o be u(0). Let i = o + -73. Is i prime?
False
Let b = -16 + 52. Let k = -10 + b. Is k prime?
False
Let l(x) = x**2 + 3*x - 1. Let p be l(-3). Is 2/((-154)/158 - p) prime?
True
Suppose 0 = -2*h - h + 186. Let c = h - 126. Let x = c - -135. Is x a prime number?
True
Let d(s) be the second derivative of s**6/720 + 79*s**5/120 - s**4/3 + 4*s. Let m(y) be the third derivative of d(y). Is m(0) composite?
False
Let m(v) = -3*v**2 - 15*v + 11. Let j(o) = 5*o**2 + 30*o - 21. Let h(a) = 4*j(a) + 7*m(a). Is h(11) a prime number?
True
Suppose i + 3*a = 11, -2*i = -5*a - 0*a - 44. Let f = 20 + i. Is f composite?
False
Let c(u) = 30*u**2 + u + 3. Let p(q) = 31*q**2 + 2*q + 3. Let y(s) = 6*c(s) - 5*p(s). Is y(2) a composite number?
True
Suppose -7*p + 4*p + 4*u = 4, 3*u = 3. Suppose k = j - p*j + 26, 3*k = -2*j + 53. Is k composite?
True
Suppose -4*c - 5 = -5*c, -2*d + 4*c + 2182 = 0. Is d composite?
True
Is (1005/6 + -2)/(2/20) a prime number?
False
Suppose -4*q = 9 + 7, 4*b + 4*q = 1488. Let p = -249 + b. Is p a prime number?
True
Is (53 - 5/(-5)) + -1 prime?
True
Suppose 21 = h - 0. Is (-1110)/(-14) + (-6)/h a composite number?
False
Suppose 38 + 117 = 2*f + u, 6 = -2*u. Is f prime?
True
Let y be 724/1*6/12. Suppose -z + 5*l = -440 - y, 3*z + 4*l = 2425. Is z composite?
True
Let t(q) = 2*q**2 - 4*q - 5. Let j be (-2 + 6)*5/(-4). Let p be t(j). Suppose 2*m =